t. What is the remainder when g is divided by 12?
4
Let k(r) = r**3 + 12*r**2 + 11*r - 14. Let v be k(-10). Let n = v + -36. What is the remainder when 158 is divided by n?
38
Suppose -2*q = 2*q + 112. Let n = 21 + -8. What is the remainder when (-8)/28 - 1072/q is divided by n?
12
Suppose -b = 5*i - 609, -2*b = -3*i + b + 351. What is the remainder when i is divided by 31?
28
Let z = -1516 + 1620. What is the remainder when 518 is divided by z?
102
Suppose -5*r = n - 29, 3*r - 15 - 12 = -n. Let i = n - 20. What is the remainder when 10 is divided by i?
2
Let o(a) = -a**3 + 19*a**2 + 23. Let w(t) = -6*t**3 + t**2 - 2*t + 1. Let j be w(1). Calculate the remainder when o(19) is divided by ((-10)/(-4))/((-3)/j).
3
Let z(y) be the third derivative of 5*y**4/24 + 25*y**3/3 - 2*y**2 + y. What is the remainder when z(-5) is divided by 10?
5
Suppose 0 = 14*z + 91 + 49. What is the remainder when ((-34)/z + (-5 - -4))*90 is divided by 44?
40
Let h(t) = 3*t - 2. Let v(f) = -f + 3. Let z be v(-1). Calculate the remainder when h(z) is divided by 4.
2
Suppose r + 9 = 3*u, -5*r + 7 = -u - 4. Suppose -5*a - 10 = 0, 5*b + a = r*a + 39. Calculate the remainder when 26 is divided by b.
5
Suppose -4*u = -5*v + 60, 0*v = 3*v - 12. Let p = u + 12. Suppose 0 = -p*y + y + 9. Calculate the remainder when 15 is divided by y.
6
What is the remainder when 170 is divided by (-5)/(4/(-56)*2)?
30
Let q(r) = r**2 + 34. Let d be q(0). Suppose -h + d = w + 2*w, 25 = -5*h. Suppose 2*g + 10 - 108 = 0. Calculate the remainder when g is divided by w.
10
Let y = 309 + -302. What is the remainder when 48 is divided by y?
6
Let g(k) = -3*k + 8. Calculate the remainder when 321 is divided by g(-3).
15
Let p = 326 + -258. What is the remainder when p is divided by 21?
5
Suppose s + 6*o - 18 = o, 0 = -4*s - o + 15. Let m(t) = 2*t**3 - 4*t**2 - 2*t + 2. Calculate the remainder when 69 is divided by m(s).
13
Calculate the remainder when (7 - (-56)/(-7)) + 91 is divided by 19.
14
Calculate the remainder when (-5511)/44*(3 + 39/(-9)) is divided by 56.
55
Let m(v) = 8*v**3 - 54*v**2 - 4*v + 9. Calculate the remainder when m(7) is divided by 3.
1
Suppose -k + 4*g - 16 = k, -5*k + 4*g = 10. What is the remainder when 26 is divided by k?
0
Let v = 1 + -1. Suppose 2*o - 76 = -v*y + 3*y, 5*y - 152 = -4*o. Suppose d = -4*h + 38, 23 = 3*h - 4*d - 15. What is the remainder when o is divided by h?
8
Let w = 675 + -641. Calculate the remainder when 128 is divided by w.
26
Let w(j) = -7*j - 51*j - 3 - 59*j + 7. What is the remainder when w(-1) is divided by 41?
39
Suppose 4*c - 34 = -2*a, 2*a - 2*c + 27 - 79 = 0. Suppose 4*s + m = 435 + 116, -m - 134 = -s. Calculate the remainder when s is divided by a.
22
Let a = -12 + 28. Let c = -48 - -93. Calculate the remainder when c is divided by a.
13
Let z(q) = 5*q + 8. Let c be z(-4). Let t = 3 - c. Let v = 19 + t. Calculate the remainder when v is divided by 12.
10
Calculate the remainder when 56 is divided by (-224)/(-48)*(-12)/(-14).
0
Let c(g) = g + 1. Let y be c(4). Suppose 10 = 5*q, -3*q + 36 = -y*w - 0*w. Let u(r) = r**2 + 3*r - 6. What is the remainder when 22 is divided by u(w)?
10
Suppose -4*r = 4*a - 0*r - 28, 4*r = 2*a - 14. Suppose 11 = 3*j - a. Suppose -26 + 2 = -j*k. What is the remainder when 11 is divided by k?
3
Let q = 8 + -4. Suppose q*o = 59 + 5. What is the remainder when o is divided by 9?
7
Suppose 0 = -5*g - 3*s - 127 - 0, -g - 3*s - 35 = 0. Let o(x) = -x**3 - 24*x**2 - 26*x - 56. What is the remainder when 18 is divided by o(g)?
5
Calculate the remainder when 464 + 5 + (0 - 3) is divided by 39.
37
Let v = 69 + -64. Suppose -2*l + 56 = -2*m, -v*l - 4*m - 37 = -6*l. Suppose 5*a + 2*i - 12 = 56, -3*i - 59 = -4*a. What is the remainder when l is divided by a?
11
Let j be (16 - 0) + (4 - 4)/1. Suppose -j*a = -14*a - 36. Suppose -m = m - 140. Calculate the remainder when m is divided by a.
16
Let d(i) = 221*i - 1264. Calculate the remainder when d(6) is divided by -1 + 0 + 0 - -17.
14
Let h be 4/(-16) + 555/12. Let q = -41 + h. Suppose -42 = -4*b + 2*k + 18, -3*b + 47 = -k. What is the remainder when b is divided by q?
2
Suppose -3*x + 420 = 4*o + x, 0 = 6*o + 5*x - 626. What is the remainder when o is divided by 46?
9
Suppose -11*i = -44 - 11. Let a = 2 + 25. Calculate the remainder when 82 - i*5/((-100)/(-12)) is divided by a.
25
Let s = -53 + 69. Let c(u) = 2*u - 7. Calculate the remainder when s is divided by c(7).
2
Let z(c) = -2 - 2*c**3 + 4*c**3 - 6*c - c**3 - 3*c + 6*c**2. Suppose -2*u + 11 = 5*f, f + 45 + 14 = 3*u. Calculate the remainder when z(-6) is divided by u.
16
Let g be (2 + -4)/2 + -20. Let x = 29 + g. Let r(i) = 9*i**2 + 4*i + 3. Calculate the remainder when r(-2) is divided by x.
7
Let x be -3 + (-2 + 24 - (4 - 3)). Suppose 2*v = -0*v + x. What is the remainder when v is divided by -2*1*-2*1?
1
Suppose 0*t + t + 4 = 0. Let d = 7 - t. Calculate the remainder when d is divided by -4 + (-96)/(-6) - 30/5.
5
Let l(y) = y**2 - 13*y + 25. Calculate the remainder when 182 is divided by l(15).
17
What is the remainder when (-4)/(-26) + 568/26 is divided by 5?
2
Let q(f) = 2*f**2 + 5*f - 45. Let d(a) = -29*a. Suppose 4*v - 2 + 6 = 0. What is the remainder when q(6) is divided by d(v)?
28
Let j = 2197 + -2140. What is the remainder when 307 is divided by j?
22
Suppose -170*i = -165*i - 3*w - 59, -12 = 4*w. Calculate the remainder when 116 is divided by i.
6
Suppose -26*n = -21*n - 175. Calculate the remainder when n is divided by 11.
2
Let m = 486 - 452. Calculate the remainder when 54 is divided by m.
20
Calculate the remainder when 151 is divided by (3/21)/((-2)/(-546)).
34
Let g(a) = a**2 - 14*a - 13. Suppose c - 15 = -0*c. Let m be g(c). Suppose 3*r + 28 + 8 = 2*n, -m*r = 5*n - 52. What is the remainder when n is divided by 5?
2
Calculate the remainder when (0 + 2)*(-637)/(-26) is divided by 26.
23
Suppose -v - 783 = -5*c - 29, -5*v + 130 = c. What is the remainder when c is divided by 38?
36
Let h = 912 + -812. What is the remainder when 897 is divided by h?
97
What is the remainder when 93 is divided by 5 - (34/(-3) + (-5)/(-15))?
13
Calculate the remainder when 740 is divided by (-2 - -3) + (-162)/(-27).
5
Suppose 7*n - 48 = -n. Suppose -1 - n = -j. Calculate the remainder when (-162)/(-8) + (-1)/4 is divided by j.
6
Suppose 4*t = 5*z + 12, 5*t + 6 = -2*z + 21. Calculate the remainder when 4 is divided by t.
1
Suppose 4*u = -2*h, 4*h + 5*u - 1 = h. Let a be 4*((-108)/(-16) - h). Suppose -14*t - 85 = -a*t. What is the remainder when 50 is divided by t?
16
Suppose 0*k = -3*k - 3*o + 45, 0 = -5*k + 3*o + 115. Suppose -5*f - 5 = -k. Let s = -24 + 26. What is the remainder when f is divided by s?
1
Let h(w) = 45*w - 3. Let n be h(2). Calculate the remainder when (n/(-9))/((-1)/3) is divided by ((-112)/21)/((-2)/6).
13
Let w = 95 - 19. Calculate the remainder when w is divided by 4/(12/39) + 0.
11
Let q = -1155 + 1215. Calculate the remainder when 1079 is divided by q.
59
Suppose -3*n = 2*q - 43, n = 5*n + 2*q - 54. Suppose -28*c + 588 = -224. What is the remainder when c is divided by n?
7
Let i(h) = 4*h**2 + 2*h. What is the remainder when (-2)/(-13) + (-3186)/(-78) + -3 is divided by i(2)?
18
Suppose 2*b + 1 = r - 68, -104 = 3*b - r. Let c = -31 + 95. Calculate the remainder when c is divided by 93/7 - (-10)/b.
12
Suppose 68*t = -18*t + 688. What is the remainder when 70 is divided by t?
6
Let o(l) = -l**3 - 17*l**2 - 7*l + 12. Calculate the remainder when o(-21) is divided by 18.
15
Suppose 4*a + a + 3*r = 9, 0 = 5*a - 4*r - 23. Suppose v - 47 = -2*p + 17, a*v = -2*p + 68. Calculate the remainder when p is divided by 12.
7
Let t = 403 - 386. What is the remainder when 186 is divided by t?
16
Let k be (-16)/(-5) - (-2)/(-10). Suppose k*x + n - 202 = -2*x, -x - n = -42. Let r(z) = -20*z + 281. Calculate the remainder when x is divided by r(13).
19
Let n = 116 - -15. Let m = 152 - n. What is the remainder when m is divided by 12?
9
Suppose -9 = -10*h + 1. Calculate the remainder when 14 is divided by 45/10 + h/(-2).
2
Let u(s) = 15*s**2 + 20*s + 39. Calculate the remainder when 352 is divided by u(-2).
57
Let v(g) = 6*g**2 - 1. Let w be v(-1). Suppose -w*z + 31 - 11 = 0. What is the remainder when z/(-4) - -2 - -49 is divi